{"id":31,"date":"2010-04-18T19:45:51","date_gmt":"2010-04-18T19:45:51","guid":{"rendered":"http:\/\/rechtsanwaeltinnen.net\/?page_id=31"},"modified":"2021-05-11T10:32:20","modified_gmt":"2021-05-11T10:32:20","slug":"tatigkeitsschwerpunkte","status":"publish","type":"page","link":"https:\/\/rechtsanwaeltinnen.net\/?page_id=31","title":{"rendered":"T\u00e4tigkeitsschwerpunkte"},"content":{"rendered":"<p>Wir sind Ihnen gern behilflich bei der Beantwortung all Ihrer rechtlichen Fragen!<\/p>\n<p>Schwerpunktm\u00e4\u00dfig \u00fcbernimmt Frau Rechtsanw\u00e4ltin Bu\u00dfkamp als Fachanw\u00e4ltin f\u00fcr Arbeitsrecht die au\u00dfergerichtliche und gerichtliche Vertretung bei allen Arbeitsgerichten s\u00e4mtlicher Instanzen. Sie bearbeitet alle arbeitsrechtlichen Themenbereiche, insbesondere K\u00fcndigungsschutzklagen, Lohnabrechnung, Urlaubsrecht, Teilzeit- und Befristungsgesetz, Weisungsrecht des Arbeitgebers, Betriebsrat, Outsourcing, \u201eMobbing\u201c.<\/p>\n<p>Als Fachanw\u00e4ltin f\u00fcr Miet- und Wohnungseigentumsrecht leistet sie die Bearbeitung mietrechtlicher Angelegenheiten wie z. B. R\u00e4umungsklage, Mietminderungen, Zivilklage wegen Mietforderungen, Konflikte wegen der Hausordnung, Eigentumswohnungsrecht, Nachbarschaftsrecht.<\/p>\n<p>Wir freuen uns auf Ihre pers\u00f6nliche oder telefonische Kontaktaufnahme!<\/p>\n","protected":false},"excerpt":{"rendered":"<p>Wir sind Ihnen gern behilflich bei der Beantwortung all Ihrer rechtlichen Fragen! Schwerpunktm\u00e4\u00dfig \u00fcbernimmt Frau Rechtsanw\u00e4ltin Bu\u00dfkamp als Fachanw\u00e4ltin f\u00fcr Arbeitsrecht die au\u00dfergerichtliche und gerichtliche Vertretung bei allen Arbeitsgerichten s\u00e4mtlicher Instanzen. Sie bearbeitet alle arbeitsrechtlichen Themenbereiche, insbesondere K\u00fcndigungsschutzklagen, Lohnabrechnung, Urlaubsrecht, Teilzeit- und Befristungsgesetz, Weisungsrecht des Arbeitgebers, Betriebsrat, Outsourcing, \u201eMobbing\u201c. Als Fachanw\u00e4ltin f\u00fcr Miet- und Wohnungseigentumsrecht [&hellip;]<\/p>\n","protected":false},"author":3,"featured_media":0,"parent":0,"menu_order":4,"comment_status":"closed","ping_status":"closed","template":"","meta":{"footnotes":""},"class_list":["post-31","page","type-page","status-publish","hentry"],"_links":{"self":[{"href":"https:\/\/rechtsanwaeltinnen.net\/index.php?rest_route=\/wp\/v2\/pages\/31","targetHints":{"allow":["GET"]}}],"collection":[{"href":"https:\/\/rechtsanwaeltinnen.net\/index.php?rest_route=\/wp\/v2\/pages"}],"about":[{"href":"https:\/\/rechtsanwaeltinnen.net\/index.php?rest_route=\/wp\/v2\/types\/page"}],"author":[{"embeddable":true,"href":"https:\/\/rechtsanwaeltinnen.net\/index.php?rest_route=\/wp\/v2\/users\/3"}],"replies":[{"embeddable":true,"href":"https:\/\/rechtsanwaeltinnen.net\/index.php?rest_route=%2Fwp%2Fv2%2Fcomments&post=31"}],"version-history":[{"count":8,"href":"https:\/\/rechtsanwaeltinnen.net\/index.php?rest_route=\/wp\/v2\/pages\/31\/revisions"}],"predecessor-version":[{"id":103,"href":"https:\/\/rechtsanwaeltinnen.net\/index.php?rest_route=\/wp\/v2\/pages\/31\/revisions\/103"}],"wp:attachment":[{"href":"https:\/\/rechtsanwaeltinnen.net\/index.php?rest_route=%2Fwp%2Fv2%2Fmedia&parent=31"}],"curies":[{"name":"wp","href":"https:\/\/api.w.org\/{rel}","templated":true}]}}