{"id":11,"date":"2010-03-15T08:34:19","date_gmt":"2010-03-15T08:34:19","guid":{"rendered":"http:\/\/rechtsanwaeltinnen.net\/?page_id=11"},"modified":"2021-05-11T10:34:06","modified_gmt":"2021-05-11T10:34:06","slug":"mitarbeiterinnen","status":"publish","type":"page","link":"https:\/\/rechtsanwaeltinnen.net\/?page_id=11","title":{"rendered":"Mitarbeiterinnen"},"content":{"rendered":"<p>Frau Edith L\u00fcbbering, geboren 1964, verheiratet, vier Kinder, seit 1985 als Rechtsanwalts- und Notarfachangestellte t\u00e4tig. Frau Roswitha L\u00fcbbering, geboren 1960, verheiratet, 2 Kinder, seit 1990 als Rechtsanwalts- und Notarfachangestellte t\u00e4tig.<\/p>\n<p>Buchhaltung Johanna Langweg<\/p>\n<p>Beide Mitarbeiterinnen sind sowohl f\u00fcr den Bereich der Organisation, des Empfangs als auch f\u00fcr das Fertigen der Korrespondenz und f\u00fcr die Zwangsvollstreckung verantwortlich.<\/p>\n","protected":false},"excerpt":{"rendered":"<p>Frau Edith L\u00fcbbering, geboren 1964, verheiratet, vier Kinder, seit 1985 als Rechtsanwalts- und Notarfachangestellte t\u00e4tig. Frau Roswitha L\u00fcbbering, geboren 1960, verheiratet, 2 Kinder, seit 1990 als Rechtsanwalts- und Notarfachangestellte t\u00e4tig. Buchhaltung Johanna Langweg Beide Mitarbeiterinnen sind sowohl f\u00fcr den Bereich der Organisation, des Empfangs als auch f\u00fcr das Fertigen der Korrespondenz und f\u00fcr die Zwangsvollstreckung [&hellip;]<\/p>\n","protected":false},"author":3,"featured_media":0,"parent":0,"menu_order":3,"comment_status":"closed","ping_status":"closed","template":"","meta":{"footnotes":""},"class_list":["post-11","page","type-page","status-publish","hentry"],"_links":{"self":[{"href":"https:\/\/rechtsanwaeltinnen.net\/index.php?rest_route=\/wp\/v2\/pages\/11","targetHints":{"allow":["GET"]}}],"collection":[{"href":"https:\/\/rechtsanwaeltinnen.net\/index.php?rest_route=\/wp\/v2\/pages"}],"about":[{"href":"https:\/\/rechtsanwaeltinnen.net\/index.php?rest_route=\/wp\/v2\/types\/page"}],"author":[{"embeddable":true,"href":"https:\/\/rechtsanwaeltinnen.net\/index.php?rest_route=\/wp\/v2\/users\/3"}],"replies":[{"embeddable":true,"href":"https:\/\/rechtsanwaeltinnen.net\/index.php?rest_route=%2Fwp%2Fv2%2Fcomments&post=11"}],"version-history":[{"count":5,"href":"https:\/\/rechtsanwaeltinnen.net\/index.php?rest_route=\/wp\/v2\/pages\/11\/revisions"}],"predecessor-version":[{"id":104,"href":"https:\/\/rechtsanwaeltinnen.net\/index.php?rest_route=\/wp\/v2\/pages\/11\/revisions\/104"}],"wp:attachment":[{"href":"https:\/\/rechtsanwaeltinnen.net\/index.php?rest_route=%2Fwp%2Fv2%2Fmedia&parent=11"}],"curies":[{"name":"wp","href":"https:\/\/api.w.org\/{rel}","templated":true}]}}